t q(j) = -j**2 + 815*j + 6580. Give q(-8).
-4
Let l(v) = -65*v + 203. Calculate l(-1).
268
Let s(f) = -24*f - 265. What is s(-10)?
-25
Let s(a) = -54*a + 8. Give s(-3).
170
Let t(z) = 2*z**3 + 14*z**2 - 11*z + 22. Calculate t(-7).
99
Let x(b) = 348*b - 5224. Calculate x(15).
-4
Let h(f) = -233*f + 39. Determine h(2).
-427
Let j(a) = -a**2 - 25*a - 101. What is j(0)?
-101
Let s(c) = c**2 + 11*c - 6. What is s(0)?
-6
Let i(h) = -h**3 - 7*h**2 - 21*h - 65. Determine i(0).
-65
Let h(q) = 25*q - 1570. Calculate h(64).
30
Let j(y) = 2*y**2 + 4*y - 32. Determine j(-5).
-2
Let l(j) = -6*j**3 - j**2 + 10*j + 12. Calculate l(2).
-20
Let a(g) = -3*g**2 + 226*g - 2729. Determine a(15).
-14
Let k(x) = -7*x**2 + 4*x + 3. Calculate k(3).
-48
Let z(k) = 2*k**3 - 10*k**2 + 5. Determine z(0).
5
Let m(w) = -3*w**3 + 11*w**2 - w - 34. Give m(7).
-531
Let m(o) = 8*o**2 + 335*o - 37. Give m(-42).
5
Let a(c) = -276*c**3 + c**2 + 6*c - 6. What is a(1)?
-275
Let b(u) = -8310*u + 473672. Calculate b(57).
2
Let o(l) = l**2 + 17*l + 8. Give o(-13).
-44
Let t(q) = q**3 - 24*q**2 + 153*q - 5. Give t(12).
103
Let u(z) = 21*z + 2762. Calculate u(-131).
11
Let x(r) = 113*r**3 + r**2 - 14*r + 24. What is x(2)?
904
Let o(c) = -485*c - 4193. Determine o(-9).
172
Let d(g) = -g**3 + 19*g**2 + 5*g - 102. Give d(19).
-7
Let g(t) = 131*t - 1873. Give g(16).
223
Let i(u) = u**2 - 71*u + 1254. Give i(23).
150
Let s(u) = -2*u**3 + 10*u**2 - 11*u + 28. Calculate s(8).
-444
Let v(h) = -h**3 + 21*h**2 - 92*h + 48. Calculate v(15).
18
Let k(z) = z**3 + 44*z**2 + 415*z + 382. Determine k(-31).
10
Let q(p) = -p**3 - 83*p**2 - 669*p - 7. Give q(-9).
20
Let c(n) = n**3 - 42*n**2 + 214*n + 8. What is c(6)?
-4
Let w(s) = -5*s**2 + 14*s + 19. Give w(3).
16
Let g(k) = -2*k**3 + 4*k**2 + 11*k - 13. What is g(6)?
-235
Let x(r) = 359*r + 3188. What is x(-9)?
-43
Let b(a) = -a**3 - 47*a**2 - 541*a - 65. What is b(-28)?
187
Let l(p) = 5*p**2 + 51*p - 31. Calculate l(-11).
13
Let d(l) = l**3 + 62*l**2 - 216*l - 1367. Calculate d(-65).
-2
Let v(x) = -4*x**3 - 10*x**2 + 4*x. What is v(-3)?
6
Let h(w) = -3152*w + 12577. What is h(4)?
-31
Let t(n) = -19*n**2 + 664*n - 55. Give t(35).
-90
Let p(o) = -3*o**2 + 55*o - 103. Calculate p(15).
47
Let p(c) = 365*c + 1490. Determine p(-4).
30
Let t(v) = -21*v + 194. Determine t(9).
5
Let p(c) = 34*c - 890. Calculate p(19).
-244
Let j(o) = o**3 - 26*o**2 - 123*o + 89. Determine j(30).
-1
Let l(g) = 10*g - 69. What is l(10)?
31
Let f(a) = -8*a + 1068. Give f(132).
12
Let l(v) = -v**3 + 89*v**2 - 251*v - 541. Determine l(86).
61
Let u(r) = -4*r**2 - 248*r - 3640. Determine u(-38).
8
Let h(w) = -w**3 + 9*w**2 - 7*w - 2. Determine h(10).
-172
Let i(k) = 528*k + 3741. What is i(-7)?
45
Let c(m) = -m**2 - 13*m + 95. Calculate c(7).
-45
Let k(t) = 29*t**2 - 47*t - 5. Determine k(2).
17
Let x(r) = -2*r + 67. What is x(27)?
13
Let o(h) = h**2 - 404*h - 3680. What is o(-9)?
37
Let o(a) = 714*a - 34264. Determine o(48).
8
Let n(z) = -z**2 + 8*z + 173. What is n(-8)?
45
Let w(h) = -h**3 + 62*h**2 - 90*h - 1771. What is w(60)?
29
Let n(t) = -1004*t - 18075. Give n(-18).
-3
Let a(l) = l**3 - 9*l**2 - 3*l - 26. Calculate a(0).
-26
Let f(m) = 2*m**2 + 341*m + 3359. Determine f(-160).
-1
Let n(p) = p**2 + 13*p - 242. Determine n(-23).
-12
Let k(u) = 5*u**2 + 212*u + 2015. Calculate k(-28).
-1
Let u(l) = l**2 + 25*l - 147. What is u(6)?
39
Let r(o) = -136*o - 774. What is r(-5)?
-94
Let j(p) = -3744*p + 22474. Calculate j(6).
10
Let b(n) = 2*n**3 - 5*n**2 - 198*n - 6. Give b(0).
-6
Let a(b) = b**3 - 23*b**2 - 24*b - 3. Determine a(24).
-3
Let q(r) = r**3 + r**2 + 2*r + 5. Give q(-6).
-187
Let x(h) = h**3 - 24*h**2 + 74*h - 68. Give x(21).
163
Let s(w) = 3*w**2 - 106*w - 79. Give s(36).
-7
Let q(h) = 397*h + 105. What is q(0)?
105
Let m(w) = w**3 - 11*w**2 - 21*w + 200. Calculate m(11).
-31
Let a(v) = 167*v - 3849. What is a(23)?
-8
Let v(t) = -t**2 + 56*t - 388. What is v(8)?
-4
Let g(a) = -a**2 + 51*a - 98. Determine g(2).
0
Let k(w) = -w**3 + 278*w**2 - 549*w - 783. Determine k(276).
45
Let v(l) = 15783*l + 47349. Calculate v(-3).
0
Let t(k) = 2*k**3 + 20*k**2 - 6*k + 9. What is t(-10)?
69
Let n(q) = q**3 - 55*q**2 - 243*q + 419. Calculate n(59).
6
Let v(f) = -f**2 - 18*f + 247. Give v(9).
4
Let a(b) = -b**2 + 10*b - 20. What is a(0)?
-20
Let t(j) = -29*j - 182. Calculate t(5).
-327
Let w(y) = -y**3 - 10*y**2 + 7*y + 55. Calculate w(-10).
-15
Let p(o) = 193*o - 950. Give p(5).
15
Let b(d) = 6*d - 58. What is b(-18)?
-166
Let k(y) = y**3 + 12*y**2 + 5*y + 35. Determine k(-11).
101
Let x(f) = 109*f + 119. Give x(2).
337
Let z(t) = -1299*t + 28579. Calculate z(22).
1
Let s(h) = -3*h**3 + 9*h**2 + 27*h + 1. Calculate s(5).
-14
Let d(l) = -4*l + 149. Determine d(36).
5
Let p(y) = 139*y - 559. Calculate p(4).
-3
Let z(u) = 3*u**2 + 262*u + 5617. Give z(-38).
-7
Let x(j) = -j**3 - 59*j**2 - 94*j + 1141. Calculate x(-57).
1
Let q(l) = -149*l + 462. Give q(3).
15
Let l(g) = -139*g - 3379. Calculate l(-28).
513
Let m(a) = 9*a - 141. Give m(8).
-69
Let f(c) = c**3 + 14*c**2 - 17*c - 31. What is f(-15)?
-1
Let t(u) = u**3 - 25*u**2 + 126*u - 33. Calculate t(18).
-33
Let d(g) = 465*g - 2191. Give d(5).
134
Let b(q) = -4593*q + 22917. What is b(5)?
-48
Let x(q) = -q**3 - 135*q**2 - 798*q - 3094. Calculate x(-129).
2
Let y(h) = -43*h**2 + 2837*h + 58. Give y(66).
-8
Let s(o) = 5*o**3 - 417*o**2 + 163*o + 258. What is s(83)?
9
Let m(x) = 603*x + 2410. Give m(-4).
-2
Let y(j) = 3*j**2 - 556*j + 24956. Calculate y(109).
-5
Let v(i) = -i**3 + 15*i - 50. Determine v(5).
-100
Let i(b) = 3*b**2 - 183*b + 2395. Determine i(42).
1
Let g(r) = 2*r**3 + 45*r**2 + 72*r + 198. Calculate g(-21).
9
Let d(i) = -6*i**2 + 2*i + 28. What is d(-6)?
-200
Let h(q) = -q**3 + 4*q**2 + 6*q + 29. Determine h(7).
-76
Let z(b) = -3*b**3 - 41*b**2 + 20*b + 635. Calculate z(-13).
37
Let k(i) = i**2 - 73*i + 1012. Determine k(54).
-14
Let n(m) = -5*m**3 + 7*m**2 + 227*m - 443. Calculate n(2).
-1
Let k(q) = 33*q**2 + 955*q - 64. Give k(-29).
-6
Let f(g) = -17*g**3 - 13*g**2 + 6*g + 27. Determine f(-3).
351
Let o(j) = 7*j**2 + 30*j + 35. Determine o(-2).
3
Let k(t) = -8*t**2 - 19*t + 340. What is k(11)?
-837
Let k(v) = 91*v - 19. Determine k(3).
254
Let a(h) = -h**3 - 67*h**2 + 117*h - 1436. Determine a(-69).
13
Let y(n) = n**2 - 5*n - 266. Determine y(-25).
484
Let k(t) = 30*t + 3. Give k(-2).
-57
Let s(h) = h**2 + 22*h + 188. What is s(-11)?
67
Let u(z) = 5*z**3 + 29*z**2 - 140*z + 39. Give u(-9).
3
Let j(p) = 6*p**3 + 2482*p**2 - 826*p + 825. Determine j(-414).
-3
Let o(g) = 19*g**2 + 516*g + 90. Calculate o(-27).
9
Let h(j) = 6*j**2 - 93*j + 434. Calculate h(4).
158
Let i(x) = 7*x**2 + 9*x - 179. Give i(-6).
19
Let v(c) = 8*c**2 + 337*c + 2000. What is v(-35)?
5
Let q(h) = -201*h - 164. Give q(-1).
37
Let p(w) = w**2 + 8*w + 141. What is p(-15)?
246
Let k(u) = -u**3 + 135*u**2 + 243*u + 4249. Calculate k(137).
2
Let v(k) = -k**3 + 39*k**2 - 77*k + 114. Determine v(37).
3
Let t(b) = b**2 - 87*b + 266. Determine t(3).
14
Let o(y) = -181*y + 32. Calculate o(-1).
213
Let d(y) = 323*y + 51682. What is d(-160)?
2
Let z(g) = -2*g**2 + 95*g - 882. Determine z(45).
-657
Let z(b) = -4*b**3 + 31*b**2 + 273*b - 14. Calculate z(13).
-14
Let l(i) = -i**3 - 118*i**2 + 281*i + 4933. Give l(-120).
13
Let y(u) = -3*u**3 - 34*u**2 - 50*u - 429. Give y(-10).
-329
Let s(i) = 20*i**3 - 5*i**2 + 7*i + 29. Determine s(-3).
-577
Let b(s) = s**2 + 19252*s + 57751. Determine b(-3).
4
Let s(o) = o**3 + 19*o**2 - 352*o + 1046. Determine s(4).
6
Let p(y) = -y**2 - 2034*y - 22242. What is p(-11)?
11
Let l(d) = -d**3 + 68*d**2 + 365*d + 3. What is l(73)?
3
Let r(z) = -10*z**2 + 48*z + 17. Determine r(5).
7
Let k(v) = 3*v**2 - 132*v + 475. Determine k(4).
-5
Let k(v) = 2*v**2 + 100*v + 116. Calculate k(-49).
18
Let q(h) = -h**3 - 33*h**2 - 190*h - 3934. Calculate q(-31).
34
Let m(r) = 2*r**3 + 14*r**2 - 25*r - 76. Calculate m(-8).
-4
Let q(o) = 2*o**3 + 359*o**2 - 166*o + 2541. Calculate q(-180).
21
Let a(h) = -2070*h - 4147. Give a(-2).
-7
Let x(i) = -i**3 - 63*i**2 - 237*i - 37. What is x(-59)?
22
Let w(o) = 2*o**3 + 19*o**2 + 9*o + 7. What is w(-9)?
7
Let x(n) = -n**3 + 12*n**2 - 11*n - 93. What is x(8)?
75
Let p(g) = -30*g - 1890. What is p(-68)?
150
